(k) be the second derivative of -k**5/4 - 7*k**4/6 - 5*k**3/2 - 2*k**2 - 42*k. What is the units digit of r(-5)?
6
Suppose 0 = -3*t - 21, -3*k + 4*k + t - 19503 = 0. What is the units digit of k?
0
What is the hundreds digit of ((0 - 8) + 33322)*(-85)/(-34)?
2
Suppose 0 = -o + 5, 27*o - 26*o + 78990 = 5*d. What is the ten thousands digit of d?
1
Let u = -23 - -28. What is the units digit of -5 + (685 - 2*(-5)/u)?
2
Let r(o) = o**3 - 26*o**2 - 29*o + 8. Let n be r(27). Let f(m) = m**3 - 4*m**2 - 9*m + 8. Let z be f(7). Let g = z + n. What is the tens digit of g?
4
Suppose 18*a - 27*a + 981 = 0. Suppose -a*s + 115*s - 1884 = 0. What is the tens digit of s?
1
Let p be (1*0/(3 - 2))/1. Suppose -2*m - 78 = 2*d, 7*d - 2*d - 4*m + 159 = p. Let t = 40 - d. What is the units digit of t?
5
What is the hundreds digit of (4/(-5))/((-10)/19600)?
5
What is the units digit of (-8)/(-12) - 2/10*(-362895)/9?
5
Let t be 37*-4*(-18)/(-24). Let j = 199 - t. What is the tens digit of j?
1
Suppose 4*o - 208*q + 206*q = 124398, 0 = -5*o - 5*q + 155520. What is the ten thousands digit of o?
3
Let n = -430 + 433. Suppose -n*p + 4562 = p - 2*k, -5*p + 5*k + 5710 = 0. What is the units digit of p?
9
Let v be 1/((4 - -5)/18). What is the units digit of (13 + -9 - 20)*(-16)/v?
8
Suppose 30666 = 5*y + 4*r, -3636 = -y - r + 2496. What is the tens digit of y?
3
Suppose 906680 = 373*j - 1155883 - 1698769. What is the hundreds digit of j?
0
Suppose 0 = 19*a - 14*a + g - 618, 240 = 2*a - 2*g. Suppose -120 - 8 = 2*c. Let o = c + a. What is the tens digit of o?
5
Suppose -8 = 4*x + 24. Let r(s) = -s**3 + 5*s**2 - 15*s - 125. What is the tens digit of r(x)?
2
What is the tens digit of -2 - (8/(-6) + 100225/(-15))?
8
Let t(a) = -a**3 + 180*a**2 + 8*a + 14. What is the hundreds digit of t(6)?
3
Suppose -o + 2*i + 26 = 5, o = -5*i - 14. Suppose -5*w + 4*j - 16 - o = 0, 5*j - 3 = -4*w. What is the tens digit of w + -205*((-24)/20)/3?
7
Let d(p) = p + 2. Let i(f) = 5*f - 120. Let t(y) = -2*d(y) - i(y). What is the units digit of t(14)?
8
Let s(q) = -374*q + 387. What is the units digit of s(-16)?
1
What is the units digit of (3150/8)/(5/(1920/72))?
0
Let b(u) = -8*u**3 + 2*u**2 - 4*u + 6. Let i be b(3). Let h = i - -460. What is the hundreds digit of h?
2
Suppose -2*g - 40127 = -5*h, -8029 = 309*h - 310*h + 4*g. What is the units digit of h?
5
Suppose 76*l - 105516 = 164*l - 94*l. What is the units digit of l?
6
Let b(f) = 9 + 0 - 433*f - 62*f + 3. What is the tens digit of b(-2)?
0
Let f be -3 + (3/4)/((-2)/(-16)). Suppose 2*t = -5 + f. What is the tens digit of (t - 300/(-3)) + -1?
9
What is the ten thousands digit of (19975/510)/(2/636)?
1
Suppose 2 = 2*t + 202. Suppose 4*d + 727 = 5*k - 0*k, -522 = 3*d + 4*k. Let q = t - d. What is the tens digit of q?
7
Let z(d) = d**2 + 7*d + 12. Let r be z(-6). What is the units digit of (4 + 55/(-15))*r*61?
2
Suppose -12871736 = -249*q - 1229492. What is the ten thousands digit of q?
4
Suppose 0 = -4*k - 2*x + 12496, -52*k + 3129 = -51*k - 2*x. What is the thousands digit of k?
3
Let b = 55 - 53. Suppose -o - 5 = r + 8, -5*o - 58 = -b*r. Let l = o - -13. What is the units digit of l?
1
Let h(s) = 3*s**2 - 117*s + 3651. What is the ten thousands digit of h(-116)?
5
Suppose -20 = -3*s + 4*n, -4 = -n + 3*n. Suppose -y + 519 = s*l, -y = -4*l - 124 - 395. What is the hundreds digit of y?
5
Suppose -663 = 2*n - 2165. Suppose -x - n = -2*t - 4*x, 1875 = 5*t + 5*x. What is the hundreds digit of t?
3
Let b = -18902 + 33005. What is the thousands digit of b?
4
Suppose -24*h + 170 = -7*h. Suppose 4*a = -o + 81, 13*a = 18*a + h. What is the units digit of o?
9
Suppose -72 = -2*v - 6*v. Suppose 0 = 11*j - v*j + 14. What is the tens digit of (14/(-6))/j - (-308)/3?
0
Let n(a) = -a**3 - 2*a**2 - 5*a - 3. Let m be n(-2). Suppose 0 = -m*i + 3508 + 664. What is the tens digit of i?
9
Suppose 0 = 2*w - 5 - 19. Let i(d) = -395 + 8*d + 3*d + 0*d + 419. What is the tens digit of i(w)?
5
Let f be (106 + -107)*(-3 + 0/(-1)). Suppose g - 402 = -g - 5*o, -o + 629 = f*g. What is the hundreds digit of g?
2
Let x be 2475/(-105) + (-6)/14. Suppose -5*w + 551 - 161 = 0. Let m = w + x. What is the units digit of m?
4
Let x be 178/(-8)*-4 + (0 - 1). Suppose -x*j = -93*j + 4770. What is the units digit of j?
4
Suppose 8 = 5*u + f - 7, -5*f = -u + 3. Suppose 4*c - 689 = 3*p + 3851, u*c - 3405 = -4*p. Suppose -2*a = -7*a + c. What is the units digit of a?
7
Let f = 22151 - 18696. What is the tens digit of f?
5
Let k(r) = r**3 + 9*r**2 - 20*r - 15. Let n be 4 - (-1 - 0 - -14 - -1). What is the units digit of k(n)?
5
Suppose -86*t + 19*t + 686941 = -44*t. What is the ten thousands digit of t?
2
Let m(x) = 30*x - 72. Let j be m(-6). Let r = j + 1827. What is the thousands digit of r?
1
Let t = -51 - -73. Let k be 9/(2 + (-41)/t). Let a = 10 + k. What is the tens digit of a?
7
Let n(g) = g**3 + 18*g**2 + 28*g - 7. Suppose -2*w - 3*o = 4 + 13, 46 = -4*w - 2*o. What is the tens digit of n(w)?
7
Let f(j) = 9*j**2 - 2*j + 98. Let k be f(-11). Let v = -849 + k. What is the units digit of v?
0
Let c be (-40)/30*(5/(-2) + 1). What is the tens digit of 6/(-27) + (c - 13090/(-18))?
2
Suppose -7 = -8*a + 41. Let w(t) = 4*t**3 + 7*t**2 + 12*t - 9. Let c(l) = -l**3 - l**2 - l - 1. Let d(u) = -5*c(u) - w(u). What is the hundreds digit of d(a)?
1
Let t = -69 + 42. What is the units digit of t/18*((-832)/12 + 0)?
4
Suppose -34*l + 36*l - 20 = 0. What is the tens digit of 6/(-9)*(5 + (-1055)/l)?
6
Suppose g + 5*v + 15 = 0, -2*g + 5*v + 2 + 13 = 0. What is the units digit of -3 + g + 3 - 211/(-1)?
1
Suppose d + 2*i - 19816 = 0, 0 = -2*d + 4*i + 31006 + 8650. What is the tens digit of d?
2
Let l(p) = -10*p - 255. Let c be l(-28). Let w(q) = -q**3 + 28*q**2 - 21*q + 4. What is the hundreds digit of w(c)?
3
Suppose 0 = 3*d + 11*w - 7*w - 7279, d - 5*w = 2420. What is the tens digit of d?
2
Suppose -45 - 3 = 2*d. Let x = -20 - d. Suppose 2*l - 168 = -3*v, 9*l - 4*l + x*v - 413 = 0. What is the units digit of l?
1
Let x = -235 + 525. Suppose y - x = -y. Let d = 338 - y. What is the tens digit of d?
9
Let q(g) = g**3 - g**2 - 6*g + 2. Let h be q(3). Suppose 3 - 3 = -h*w. What is the units digit of -10 + 13 + 90/(w + 2)?
8
Suppose -4*k + 297 = 7*k. Suppose -3*d + k = 33. What is the hundreds digit of -1 + 3 + d - -195?
1
Let d be (16/(-4))/((-12)/9). Suppose -5*t + 272 = d*t. What is the tens digit of t?
3
Suppose 24*j - 23*j - 2 = 0. Let c be (-2 + j)*(1 + 3/(-6)). Suppose 0 = -0*w + 3*w - 5*o - 143, -2*o - 2 = c. What is the tens digit of w?
4
Suppose 0 = q + 2*k - 11, 6*q = 2*q - 2*k + 74. Suppose -1519 = 28*z - q*z. Let h = z - -450. What is the hundreds digit of h?
2
Let g = 18271 - 9612. What is the hundreds digit of g?
6
Let c = 73 - 61. Let f be 87/c - 45/36. Suppose f*q - 46 = 80. What is the units digit of q?
1
Suppose 0 = 26*t - 34*t. Let o(s) = 3*s + 4. Let c be o(t). What is the tens digit of (-1435)/(-21) - -6 - c/(-6)?
7
Suppose -5*k - 4*g = -27, 0*g = 5*g - 15. Suppose k*q = 9*q - 84. Suppose -q*c + 470 = -454. What is the units digit of c?
6
Suppose 0 = -56*p - 160*p - 61*p + 270906. What is the tens digit of p?
7
Suppose -17*p + 252527 + 565521 = 39*p. What is the hundreds digit of p?
6
Let h(r) = 182*r**2 + 220*r + 7. What is the thousands digit of h(-4)?
2
Suppose 0 = -5*w - 5*t + 390335, 3806*w + t = 3810*w - 312273. What is the units digit of w?
8
Let x(t) = -1153*t - 110. What is the thousands digit of x(-9)?
0
Suppose 2*k - 5*v + 4*v = 24, -2*k - 4*v + 4 = 0. Suppose k*t - 299 = 771. What is the tens digit of t?
0
Let k(b) = 370*b**3 - b**2 + 154*b + 154. Let t be k(-1). Let i = 274 + -434. Let s = i - t. What is the tens digit of s?
1
Suppose 2*s + 5*b = 105, -4*s - 7*b = -2*b - 195. Suppose 3*o = 3*j - 2280, -44*j - 3*o = -s*j + 756. What is the tens digit of j?
6
Let w(c) be the second derivative of 23*c**6/720 + 7*c**5/120 + 23*c**4/12 + 8*c. Let s(k) be the third derivative of w(k). What is the tens digit of s(2)?
5
Let p be (-4 + -2526)/(13/(-26)). Suppose 65*b + o - 1021 = 64*b, 5*b - 4*o - p = 0. What is the tens digit of b?
1
Let w(b) = -3*b**2 + 14*b - 3*b**2 - b**3 + b**2 + b**2 + 14. Let q be w(-6). What is the tens digit of q/1 - (-62 + 10)?
5
Let t(j) = 50*j**2 - 8